3111?
-1132312203031
In base 6, what is -211511513 + 0?
-211511513
In base 9, what is -1011210043 + -2?
-1011210045
In base 11, what is 9551 - -28?
9579
In base 8, what is 30016363 + 1?
30016364
In base 3, what is 20010 - -1220120022?
1220210102
In base 14, what is 7094481 - -1?
7094482
In base 9, what is -3557 + 8253?
4585
In base 11, what is 32 + 2201172?
22011a4
In base 5, what is -1142200 - 10022?
-1202222
In base 14, what is 1981b9a + -4?
1981b96
In base 3, what is 112010020101 + 10022?
112010100200
In base 6, what is 5 - 13250240320?
-13250240311
In base 10, what is -1734624 + 825?
-1733799
In base 3, what is -121 + 21211212111?
21211211220
In base 6, what is -1 - 225253522?
-225253523
In base 4, what is -1333 + -103223013?
-103231012
In base 3, what is 1021021122101 + 1011?
1021021200112
In base 15, what is 1b - eb53a?
-eb51e
In base 4, what is -211031131201 + -2?
-211031131203
In base 11, what is -67a599 - 327?
-67a915
In base 13, what is 4 + -1c6b277?
-1c6b273
In base 8, what is 5 + -13317720?
-13317713
In base 14, what is -36a295 - 7?
-36a29c
In base 7, what is -11654426 + 6?
-11654420
In base 9, what is -16 + 3417344?
3417327
In base 12, what is -b7794 - -9?
-b7787
In base 4, what is -22012100 + -30023?
-22102123
In base 12, what is -648a90 + 2?
-648a8a
In base 7, what is 1430631 - 246?
1430352
In base 16, what is -2 + -facd79?
-facd7b
In base 2, what is 111111111111111011 - 110100101010?
111111001011010001
In base 15, what is b174ca - 2?
b174c8
In base 5, what is 3 + 103412402112?
103412402120
In base 16, what is 5053a7 + 32?
5053d9
In base 2, what is 1000 - 1010101111000100110?
-1010101111000011110
In base 6, what is -10 - -23545231?
23545221
In base 5, what is -102020113 + 1120?
-102013443
In base 11, what is a673791 - 1?
a673790
In base 15, what is 25ba6 + 180?
25d36
In base 10, what is -1 + -128464?
-128465
In base 4, what is 23 + 1202013130?
1202013213
In base 2, what is 1010 + 110101100111000011101?
110101100111000100111
In base 7, what is -54366 + -1533?
-56232
In base 11, what is 147865709 + -5?
147865704
In base 4, what is -31021321322 - -102?
-31021321220
In base 12, what is 33773a + -14?
337726
In base 13, what is 4 - -1c1259?
1c1260
In base 10, what is 46 - -6352900?
6352946
In base 13, what is -7479 + -3297?
-a743
In base 6, what is 21451252 + -2123?
21445125
In base 12, what is -124 - -b5a312?
b5a1aa
In base 6, what is 2513444 - 4155?
2505245
In base 16, what is -86 - dc01b?
-dc0a1
In base 16, what is a276f + 3b?
a27aa
In base 3, what is -12221022011 - -12011022?
-12202010212
In base 7, what is 24 - 13624645?
-13624621
In base 9, what is -327 + 13564?
13236
In base 6, what is 31354314 + 20?
31354334
In base 15, what is a559517 + 5?
a55951c
In base 11, what is -35822912 - 2?
-35822914
In base 9, what is -12 + 387803?
387781
In base 2, what is 101 - -101010010010001010101111?
101010010010001010110100
In base 7, what is 0 + -11230524?
-11230524
In base 11, what is 17943 + 3?
17946
In base 3, what is 11 + -200002200?
-200002112
In base 14, what is 170 - -19b447?
19b5b7
In base 11, what is 5337835 - -5?
533783a
In base 10, what is 87 + 3162977?
3163064
In base 13, what is -3 - -1a12728?
1a12725
In base 7, what is -3350 + -4521?
-11201
In base 6, what is 40 - 23142450?
-23142410
In base 15, what is -32 + a3877?
a3845
In base 13, what is -2428a + 1cc?
-2408b
In base 14, what is -c997 - -120?
-c877
In base 4, what is -1220012321120 + 0?
-1220012321120
In base 7, what is 241026420 - -36?
241026456
In base 2, what is 1100100000 + -1010111010111010?
-1010101110011010
In base 9, what is -4 - 50426?
-50431
In base 13, what is -142 + 1a3c3?
1a281
In base 4, what is 20 - -33310131013?
33310131033
In base 10, what is -23768 + -212?
-23980
In base 10, what is -34 - -4884825?
4884791
In base 9, what is -687541 - -1137?
-686403
In base 16, what is -899aea - 2?
-899aec
In base 4, what is -213332 - 121022213?
-121302211
In base 6, what is -2 - -210144502?
210144500
In base 4, what is 1121033 - -112002320?
113130013
In base 14, what is -6877 + 2751?
-4126
In base 14, what is 5 + -602918?
-602913
In base 12, what is -a24bab6 - -8?
-a24baaa
In base 10, what is 500384680 - 3?
500384677
In base 2, what is 1000101110110001111001101100 - -10?
1000101110110001111001101110
In base 14, what is 2318b57 - 0?
2318b57
In base 7, what is -4416 - 13600?
-21316
In base 11, what is 144 + 7792?
7926
In base 12, what is -47962554 + 5?
-4796254b
In base 8, what is 265753055 - -3?
265753060
In base 6, what is 113121 - -24210?
141331
In base 4, what is 2 + 33111313000230?
33111313000232
In base 14, what is 1339 + 22523?
2385c
In base 5, what is 1012231 - -143104?
1210340
In base 8, what is 5561033 - 13?
5561020
In base 5, what is 0 + 3043001302?
3043001302
In base 2, what is 10100101000100110000 - -1010?
10100101000100111010
In base 14, what is 6 - 3ad9755?
-3ad974d
In base 4, what is -21023222 - 10232?
-21100120
In base 4, what is 13122 - 2013331?
-2000203
In base 3, what is -110001 + -221110012?
-221220020
In base 16, what is -b4 + 12231?
1217d
In base 6, what is 222310 + -4204?
214102
In base 13, what is -5 + -bb47aba?
-bb47ac2
In base 15, what is -17c8 - 66cb?
-7ea4
In base 2, what is 111000 + 10101010001001101110110?
10101010001001110101110
In base 4, what is -22233301 - 10103?
-22310010
In base 14, what is -5 + 574c16?
574c11
In base 4, what is 32 + 1111201302332?
1111201303030
In base 8, what is 52433 - 402?
52031
In base 6, what is -2 + 3402433?
3402431
In base 12, what is 12b + -818a?
-805b
In base 11, what is -47855 - a8?
-47952
In base 7, what is -41 - -361225?
361154
In base 5, what is 33104213034 + 22?
33104213111
In base 15, what is -14cd6a + 5a?
-14cd10
In base 10, what is -67 - 183762?
-183829
In base 5, what is 312104200103 - 0?
312104200103
In base 6, what is 1222035 - 2033?
1220002
In base 10, what is -1 + -48630378?
-48630379
In base 12, what is -1952aba8 + 0?
-1952aba8
In base 3, what is 211222021 - 1221120111?
-1002121020
In base 16, what is 3b36 - -166?
3c9c
In base 8, what is 17143723 - -2?
17143725
In base 3, what is 10021110 - 121002102?
-110210222
In base 6, what is 4 - -131101553?
131102001
In base 8, what is -1726 + -132562?
-134510
In base 12, what is -1980418 - 0?
-1980418
In base 11, what is -1100095a + 0?
-1100095a
In base 13, what is 1062c0 + 1a2?
106492
In base 14, what is -15cd63b1 + 2?
-15cd63ad
In base 11, what is -17645883 + -1?
-17645884
In base 5, what is 4 + -3030132310?
-3030132301
In base 8, what is 0 - -513331007?
513331007
In base 12, what is -a48 - -6998?
5b50
In base 3, what is 222001222 - 1122200110?
-200121111
In base 5, what is 11303 + 24312110?
24323413
In base 4, what is 1132210 + -31033?
1101111
In base 11, what is -3 - 80046474?
-80046477
In base 16, what is 38688b3 + 2?
38688b5
In base 9, what is 15 + -20253520?
-20253504
In base 7, what is -1 - -10023500?
10023466
In base 3, what is 20001212 - 212220?
12011222
In base 7, what is 226 + -11320416?
-11320160
In base 15, what is 12 + -77722?
-77710
In base 3, what is -100011020220 - -20120?
-100011000100
In base 8, what is 13 - 3215110?
-3215075
In base 7, what is 1 + -520263?
-520262
In base 4, what is -2002003 + 20101?
-1321302
In base 14, what is -ad - -4724d?
47180
In base 9, what is 8812408 + 5?
8812414
In base 6, what is 115510 + -10053?
105413
In base 12, what is 36ba1 + 4?
36ba5
In base 8, what is 160 + -4660702?
-4660522
In base 5, what is -243043 + 3042242?
2244144
In base 9, what is 4080 + -30537?
-25447
In base 14, what is 1aa - -6229?
63d5
In base 10, what is -509375446 - 5?
-509375451
In base 3, what is -11 + -10202000001202202?
-10202000001202220
In base 12, what is -119014 + 10?
-119004
In base 4, what is 0 + -13203012002202?
-13203012002202
In base 13, what is -7718 + -23?
-773b
In base 2, what is -1101000010000011110 - 10101?
-1101000010000110011
In base 15, what is -2 + -2c6db7?
-2c6db9
In base 8, what is 20172 - 224170?
-203776
In base 7, what is 335 + -2344444?
-2344106
In base 10, what is 6004 + 499?
6503
In base 9, what is -1001 - -4151?
3150
In base 13, what is -25440b5 + 3?
-25440b2
In base 14, what is b211b3 + -5?
b211ac
In base 5, what is -204221 - -144203?
-10013
In base 12, what is 1 + -baa556?
-baa555
In base 4, what is -101